{"id":2093,"date":"2021-05-28T07:56:29","date_gmt":"2021-05-28T07:56:29","guid":{"rendered":"https:\/\/jesusestalaporte.fr\/?page_id=2093"},"modified":"2024-05-02T13:23:56","modified_gmt":"2024-05-02T13:23:56","slug":"qui-suis-je","status":"publish","type":"page","link":"https:\/\/jesusestalaporte.fr\/index.php\/qui-suis-je\/","title":{"rendered":"Qui suis-je ?"},"content":{"rendered":"\n<p><strong>Bonjour \u00e0 tous,<\/strong> <\/p>\n\n\n\n<p class=\"has-medium-font-size\">JE SUIS ALBERT POLITO WEBMASTER DE CE SITE. albertpolito@free.fr<\/p>\n\n\n\n<p>Je suis un chr\u00e9tien n\u00e9 de nouveau, cet \u00e0 dire baptis\u00e9 d&rsquo;eau en novembre 1958 et baptis\u00e9 du Saint Esprit le 28\/mars\/1960&#8230;..<br>Je crois que J\u00e9sus Christ&nbsp;est mort sur la croix pour payer la ran\u00e7on que Dieu r\u00e9clamait pour mes p\u00e9ch\u00e9s.<br>Je crois qu&rsquo;il est ressuscit\u00e9 le troisi\u00e8me jour, car la mort ne pouvait pas le retenir  dans son s\u00e9pulcre \u00e0 cause de sa saintet\u00e9.<\/p>\n\n\n\n<p>Je crois aux miracles et \u00e0 toute intervention Divine <br>J\u2019adh\u00e8re au mouvement de pentec\u00f4te.<br>Je crois \u00e0 l&rsquo;intervention du Saint Esprit dans ma marche spirituelle en vue de la sanctification de mon esprit<\/p>\n\n\n\n<p>Je crois que J\u00e9sus christ revient tr\u00e8s bient\u00f4t pour prendre son \u00c9glise et r\u00e9gner avec elle sur la terre pendant mille ans ( appel\u00e9 le mill\u00e9nium)  <\/p>\n\n\n\n<p>Je crois au paradis et \u00e0 l\u2019enfer<br>Je crois enfin \u00e0 l&rsquo;Amour et \u00e0 la justice de Dieu<\/p>\n\n\n\n<p>Vous pouvez lire mon t\u00e9moignage dans la rubrique \u00ab\u00a0T\u00e9moignages \u00a0\u00bb si vous voulez m&rsquo;\u00e9crire: \u00a0\u00bb albertpolito@free.fr \u00ab\u00a0<\/p>\n\n<head><!-- Google tag (gtag.js) -->\n<script async src=\"https:\/\/www.googletagmanager.com\/gtag\/js?id=G-GNZ7CMNPZT\"><\/script>\n<script>\n  window.dataLayer = window.dataLayer || [];\n  function gtag(){dataLayer.push(arguments);}\n  gtag('js', new Date());\n\n  gtag('config', 'G-GNZ7CMNPZT');\n<\/script>","protected":false},"excerpt":{"rendered":"<p>Bonjour \u00e0 tous, JE SUIS ALBERT POLITO WEBMASTER DE CE SITE. albertpolito@free.fr Je suis un chr\u00e9tien n\u00e9 de nouveau, cet \u00e0 dire baptis\u00e9 d&rsquo;eau en novembre 1958 et baptis\u00e9 du Saint Esprit le 28\/mars\/1960&#8230;..Je crois que J\u00e9sus Christ&nbsp;est mort sur la croix pour payer la ran\u00e7on que Dieu r\u00e9clamait pour mes p\u00e9ch\u00e9s.Je crois qu&rsquo;il est [&hellip;]<\/p>\n","protected":false},"author":1,"featured_media":0,"parent":0,"menu_order":0,"comment_status":"closed","ping_status":"closed","template":"","meta":{"footnotes":""},"class_list":["post-2093","page","type-page","status-publish","hentry"],"yoast_head":"<!-- This site is optimized with the Yoast SEO plugin v22.0 - https:\/\/yoast.com\/wordpress\/plugins\/seo\/ -->\n<title>Qui suis-je ? - J\u00e9sus est \u00e0 la porte<\/title>\n<meta name=\"robots\" content=\"index, follow, max-snippet:-1, max-image-preview:large, max-video-preview:-1\" \/>\n<link rel=\"canonical\" href=\"https:\/\/jesusestalaporte.fr\/index.php\/qui-suis-je\/\" \/>\n<meta property=\"og:locale\" content=\"fr_FR\" \/>\n<meta property=\"og:type\" content=\"article\" \/>\n<meta property=\"og:title\" content=\"Qui suis-je ? - J\u00e9sus est \u00e0 la porte\" \/>\n<meta property=\"og:description\" content=\"Bonjour \u00e0 tous, JE SUIS ALBERT POLITO WEBMASTER DE CE SITE. albertpolito@free.fr Je suis un chr\u00e9tien n\u00e9 de nouveau, cet \u00e0 dire baptis\u00e9 d&rsquo;eau en novembre 1958 et baptis\u00e9 du Saint Esprit le 28\/mars\/1960&#8230;..Je crois que J\u00e9sus Christ&nbsp;est mort sur la croix pour payer la ran\u00e7on que Dieu r\u00e9clamait pour mes p\u00e9ch\u00e9s.Je crois qu&rsquo;il est [&hellip;]\" \/>\n<meta property=\"og:url\" content=\"https:\/\/jesusestalaporte.fr\/index.php\/qui-suis-je\/\" \/>\n<meta property=\"og:site_name\" content=\"J\u00e9sus est \u00e0 la porte\" \/>\n<meta property=\"article:modified_time\" content=\"2024-05-02T13:23:56+00:00\" \/>\n<meta name=\"twitter:card\" content=\"summary_large_image\" \/>\n<meta name=\"twitter:label1\" content=\"Dur\u00e9e de lecture estim\u00e9e\" \/>\n\t<meta name=\"twitter:data1\" content=\"1 minute\" \/>\n<script type=\"application\/ld+json\" class=\"yoast-schema-graph\">{\"@context\":\"https:\/\/schema.org\",\"@graph\":[{\"@type\":\"WebPage\",\"@id\":\"https:\/\/jesusestalaporte.fr\/index.php\/qui-suis-je\/\",\"url\":\"https:\/\/jesusestalaporte.fr\/index.php\/qui-suis-je\/\",\"name\":\"Qui suis-je ? - J\u00e9sus est \u00e0 la porte\",\"isPartOf\":{\"@id\":\"https:\/\/jesusestalaporte.fr\/#website\"},\"datePublished\":\"2021-05-28T07:56:29+00:00\",\"dateModified\":\"2024-05-02T13:23:56+00:00\",\"breadcrumb\":{\"@id\":\"https:\/\/jesusestalaporte.fr\/index.php\/qui-suis-je\/#breadcrumb\"},\"inLanguage\":\"fr-FR\",\"potentialAction\":[{\"@type\":\"ReadAction\",\"target\":[\"https:\/\/jesusestalaporte.fr\/index.php\/qui-suis-je\/\"]}]},{\"@type\":\"BreadcrumbList\",\"@id\":\"https:\/\/jesusestalaporte.fr\/index.php\/qui-suis-je\/#breadcrumb\",\"itemListElement\":[{\"@type\":\"ListItem\",\"position\":1,\"name\":\"Accueil\",\"item\":\"https:\/\/jesusestalaporte.fr\/\"},{\"@type\":\"ListItem\",\"position\":2,\"name\":\"Qui suis-je ?\"}]},{\"@type\":\"WebSite\",\"@id\":\"https:\/\/jesusestalaporte.fr\/#website\",\"url\":\"https:\/\/jesusestalaporte.fr\/\",\"name\":\"J\u00e9sus est \u00e0 la porte\",\"description\":\"Le chemin La v\u00e9rit\u00e9 La vie\",\"potentialAction\":[{\"@type\":\"SearchAction\",\"target\":{\"@type\":\"EntryPoint\",\"urlTemplate\":\"https:\/\/jesusestalaporte.fr\/?s={search_term_string}\"},\"query-input\":\"required name=search_term_string\"}],\"inLanguage\":\"fr-FR\"}]}<\/script>\n<!-- \/ Yoast SEO plugin. -->","yoast_head_json":{"title":"Qui suis-je ? - J\u00e9sus est \u00e0 la porte","robots":{"index":"index","follow":"follow","max-snippet":"max-snippet:-1","max-image-preview":"max-image-preview:large","max-video-preview":"max-video-preview:-1"},"canonical":"https:\/\/jesusestalaporte.fr\/index.php\/qui-suis-je\/","og_locale":"fr_FR","og_type":"article","og_title":"Qui suis-je ? - J\u00e9sus est \u00e0 la porte","og_description":"Bonjour \u00e0 tous, JE SUIS ALBERT POLITO WEBMASTER DE CE SITE. albertpolito@free.fr Je suis un chr\u00e9tien n\u00e9 de nouveau, cet \u00e0 dire baptis\u00e9 d&rsquo;eau en novembre 1958 et baptis\u00e9 du Saint Esprit le 28\/mars\/1960&#8230;..Je crois que J\u00e9sus Christ&nbsp;est mort sur la croix pour payer la ran\u00e7on que Dieu r\u00e9clamait pour mes p\u00e9ch\u00e9s.Je crois qu&rsquo;il est [&hellip;]","og_url":"https:\/\/jesusestalaporte.fr\/index.php\/qui-suis-je\/","og_site_name":"J\u00e9sus est \u00e0 la porte","article_modified_time":"2024-05-02T13:23:56+00:00","twitter_card":"summary_large_image","twitter_misc":{"Dur\u00e9e de lecture estim\u00e9e":"1 minute"},"schema":{"@context":"https:\/\/schema.org","@graph":[{"@type":"WebPage","@id":"https:\/\/jesusestalaporte.fr\/index.php\/qui-suis-je\/","url":"https:\/\/jesusestalaporte.fr\/index.php\/qui-suis-je\/","name":"Qui suis-je ? - J\u00e9sus est \u00e0 la porte","isPartOf":{"@id":"https:\/\/jesusestalaporte.fr\/#website"},"datePublished":"2021-05-28T07:56:29+00:00","dateModified":"2024-05-02T13:23:56+00:00","breadcrumb":{"@id":"https:\/\/jesusestalaporte.fr\/index.php\/qui-suis-je\/#breadcrumb"},"inLanguage":"fr-FR","potentialAction":[{"@type":"ReadAction","target":["https:\/\/jesusestalaporte.fr\/index.php\/qui-suis-je\/"]}]},{"@type":"BreadcrumbList","@id":"https:\/\/jesusestalaporte.fr\/index.php\/qui-suis-je\/#breadcrumb","itemListElement":[{"@type":"ListItem","position":1,"name":"Accueil","item":"https:\/\/jesusestalaporte.fr\/"},{"@type":"ListItem","position":2,"name":"Qui suis-je ?"}]},{"@type":"WebSite","@id":"https:\/\/jesusestalaporte.fr\/#website","url":"https:\/\/jesusestalaporte.fr\/","name":"J\u00e9sus est \u00e0 la porte","description":"Le chemin La v\u00e9rit\u00e9 La vie","potentialAction":[{"@type":"SearchAction","target":{"@type":"EntryPoint","urlTemplate":"https:\/\/jesusestalaporte.fr\/?s={search_term_string}"},"query-input":"required name=search_term_string"}],"inLanguage":"fr-FR"}]}},"_links":{"self":[{"href":"https:\/\/jesusestalaporte.fr\/index.php\/wp-json\/wp\/v2\/pages\/2093","targetHints":{"allow":["GET"]}}],"collection":[{"href":"https:\/\/jesusestalaporte.fr\/index.php\/wp-json\/wp\/v2\/pages"}],"about":[{"href":"https:\/\/jesusestalaporte.fr\/index.php\/wp-json\/wp\/v2\/types\/page"}],"author":[{"embeddable":true,"href":"https:\/\/jesusestalaporte.fr\/index.php\/wp-json\/wp\/v2\/users\/1"}],"replies":[{"embeddable":true,"href":"https:\/\/jesusestalaporte.fr\/index.php\/wp-json\/wp\/v2\/comments?post=2093"}],"version-history":[{"count":8,"href":"https:\/\/jesusestalaporte.fr\/index.php\/wp-json\/wp\/v2\/pages\/2093\/revisions"}],"predecessor-version":[{"id":5152,"href":"https:\/\/jesusestalaporte.fr\/index.php\/wp-json\/wp\/v2\/pages\/2093\/revisions\/5152"}],"wp:attachment":[{"href":"https:\/\/jesusestalaporte.fr\/index.php\/wp-json\/wp\/v2\/media?parent=2093"}],"curies":[{"name":"wp","href":"https:\/\/api.w.org\/{rel}","templated":true}]}}