{"id":2096,"date":"2021-05-28T07:57:45","date_gmt":"2021-05-28T07:57:45","guid":{"rendered":"https:\/\/jesusestalaporte.fr\/?page_id=2096"},"modified":"2024-06-02T13:48:31","modified_gmt":"2024-06-02T13:48:31","slug":"etudes-bibliques","status":"publish","type":"page","link":"https:\/\/jesusestalaporte.fr\/index.php\/etudes-bibliques\/","title":{"rendered":"\u00c9tudes bibliques"},"content":{"rendered":"\n<p><\/p>\n\n\n\n<h2 class=\"wp-block-heading\">Je suis heureux de placer \u00e0 votre attention ce catalogue d\u2019\u00e9tudes bibliques tr\u00e8s diverses<\/h2>\n\n\n\n<div class=\"wp-block-file\"><a href=\"https:\/\/jesusestalaporte.fr\/wp-content\/uploads\/2021\/06\/Prophete-Abdias.odt\"><strong>Le Proph\u00e8te-Abdias<\/strong><\/a><a href=\"https:\/\/jesusestalaporte.fr\/wp-content\/uploads\/2021\/06\/Prophete-Abdias.odt\" class=\"wp-block-file__button wp-element-button\" download>T\u00e9l\u00e9charger<\/a><\/div>\n\n\n\n<div data-wp-interactive=\"core\/file\" class=\"wp-block-file\"><object data-wp-bind--hidden=\"!state.hasPdfPreview\" hidden class=\"wp-block-file__embed\" data=\"https:\/\/jesusestalaporte.fr\/wp-content\/uploads\/2024\/05\/la-veritable-foi1_3_-2.pdf\" type=\"application\/pdf\" style=\"width:100%;height:600px\" aria-label=\"Contenu embarqu\u00e9 la-v\u00e9ritable foi.\"><\/object><a id=\"wp-block-file--media-7f413b77-74e4-47b6-b2a4-77d1d21291d4\" href=\"https:\/\/jesusestalaporte.fr\/wp-content\/uploads\/2024\/05\/la-veritable-foi1_3_-2.pdf\">la-v\u00e9ritable foi<\/a><a href=\"https:\/\/jesusestalaporte.fr\/wp-content\/uploads\/2024\/05\/la-veritable-foi1_3_-2.pdf\" class=\"wp-block-file__button wp-element-button\" download aria-describedby=\"wp-block-file--media-7f413b77-74e4-47b6-b2a4-77d1d21291d4\">T\u00e9l\u00e9charger<\/a><\/div>\n\n\n\n<div class=\"wp-block-columns is-layout-flex wp-container-core-columns-is-layout-9d6595d7 wp-block-columns-is-layout-flex\">\n<div class=\"wp-block-column is-layout-flow wp-block-column-is-layout-flow\" style=\"flex-basis:100%\">\n<div class=\"wp-block-file\"><a href=\"https:\/\/jesusestalaporte.fr\/wp-content\/uploads\/2021\/06\/prophete-Michee.html\"><strong>proph\u00e8te-Mich\u00e9e<\/strong><\/a><a href=\"https:\/\/jesusestalaporte.fr\/wp-content\/uploads\/2021\/06\/prophete-Michee.html\" class=\"wp-block-file__button wp-element-button\" download>T\u00e9l\u00e9charger<\/a><\/div>\n\n\n\n<p><\/p>\n\n\n\n<div class=\"wp-block-file\"><a href=\"https:\/\/jesusestalaporte.fr\/wp-content\/uploads\/2021\/06\/sentinelle-que-dit-tu-de-la-nuit-1.html\"><strong>sentinelle-que-dis-tu-de-la-nuit-<\/strong><\/a><a href=\"https:\/\/jesusestalaporte.fr\/wp-content\/uploads\/2021\/06\/sentinelle-que-dit-tu-de-la-nuit-1.html\" class=\"wp-block-file__button wp-element-button\" download>T\u00e9l\u00e9charger<\/a><\/div>\n\n\n\n<p><\/p>\n<\/div>\n<\/div>\n\n\n\n<div class=\"wp-block-file\"><a href=\"https:\/\/jesusestalaporte.fr\/wp-content\/uploads\/2021\/06\/recherchez-le-RDD.html\"><strong>recherchez-le-Royaume de Dieu<\/strong><\/a><a href=\"https:\/\/jesusestalaporte.fr\/wp-content\/uploads\/2021\/06\/recherchez-le-RDD.html\" class=\"wp-block-file__button wp-element-button\" download>T\u00e9l\u00e9charger<\/a><\/div>\n\n\n\n<div data-wp-interactive=\"core\/file\" class=\"wp-block-file\"><object data-wp-bind--hidden=\"!state.hasPdfPreview\" hidden class=\"wp-block-file__embed\" data=\"https:\/\/jesusestalaporte.fr\/wp-content\/uploads\/2024\/05\/Larbrede-vie_6_-2.pdf\" type=\"application\/pdf\" style=\"width:100%;height:600px\" aria-label=\"Contenu embarqu\u00e9 L&apos;arbre de-vie_.\"><\/object><a id=\"wp-block-file--media-dd13c8fb-7ab2-4e3d-9fe7-c4d2cbee1ce8\" href=\"https:\/\/jesusestalaporte.fr\/wp-content\/uploads\/2024\/05\/Larbrede-vie_6_-2.pdf\">L&rsquo;arbre de-vie_<\/a><a href=\"https:\/\/jesusestalaporte.fr\/wp-content\/uploads\/2024\/05\/Larbrede-vie_6_-2.pdf\" class=\"wp-block-file__button wp-element-button\" download aria-describedby=\"wp-block-file--media-dd13c8fb-7ab2-4e3d-9fe7-c4d2cbee1ce8\">T\u00e9l\u00e9charger<\/a><\/div>\n\n\n\n<div data-wp-interactive=\"core\/file\" class=\"wp-block-file\"><object data-wp-bind--hidden=\"!state.hasPdfPreview\" hidden class=\"wp-block-file__embed\" data=\"https:\/\/jesusestalaporte.fr\/wp-content\/uploads\/2024\/05\/Lesprit-lame-et-le-corps1_3_.pdf\" type=\"application\/pdf\" style=\"width:100%;height:600px\" aria-label=\"Contenu embarqu\u00e9 Lesprit-lame-et-le-corps1_3_.\"><\/object><a id=\"wp-block-file--media-9540c41c-2ce1-4ee1-a7ee-bc566bf767aa\" href=\"https:\/\/jesusestalaporte.fr\/wp-content\/uploads\/2024\/05\/Lesprit-lame-et-le-corps1_3_.pdf\">Lesprit-lame-et-le-corps1_3_<\/a><a href=\"https:\/\/jesusestalaporte.fr\/wp-content\/uploads\/2024\/05\/Lesprit-lame-et-le-corps1_3_.pdf\" class=\"wp-block-file__button wp-element-button\" download aria-describedby=\"wp-block-file--media-9540c41c-2ce1-4ee1-a7ee-bc566bf767aa\">T\u00e9l\u00e9charger<\/a><\/div>\n\n\n\n<div class=\"wp-block-file\"><a href=\"https:\/\/jesusestalaporte.fr\/wp-content\/uploads\/2021\/06\/prophete-Jonas.html\"><strong>proph\u00e8te-Jonas<\/strong><\/a><a href=\"https:\/\/jesusestalaporte.fr\/wp-content\/uploads\/2021\/06\/prophete-Jonas.html\" class=\"wp-block-file__button wp-element-button\" download>T\u00e9l\u00e9charger<\/a><\/div>\n\n\n\n<div class=\"wp-block-file\"><a href=\"https:\/\/jesusestalaporte.fr\/wp-content\/uploads\/2021\/06\/on-donner-a-celui-qui-a-.html\"><strong>on-donner-a-celui-qui-a-<\/strong><\/a><a href=\"https:\/\/jesusestalaporte.fr\/wp-content\/uploads\/2021\/06\/on-donner-a-celui-qui-a-.html\" class=\"wp-block-file__button wp-element-button\" download>T\u00e9l\u00e9charger<\/a><\/div>\n\n\n\n<div class=\"wp-block-file\"><a href=\"https:\/\/jesusestalaporte.fr\/wp-content\/uploads\/2021\/06\/leunuque-Ethiopien.html\"><strong>l&rsquo;eunuque-Ethiopien<\/strong><\/a><a href=\"https:\/\/jesusestalaporte.fr\/wp-content\/uploads\/2021\/06\/leunuque-Ethiopien.html\" class=\"wp-block-file__button wp-element-button\" download>T\u00e9l\u00e9charger<\/a><\/div>\n\n\n\n<div class=\"wp-block-file\"><a href=\"https:\/\/jesusestalaporte.fr\/wp-content\/uploads\/2021\/06\/les-dons-de-lEsprit.html\"><strong>les-dons-de-l&rsquo;Esprit<\/strong><\/a><a href=\"https:\/\/jesusestalaporte.fr\/wp-content\/uploads\/2021\/06\/les-dons-de-lEsprit.html\" class=\"wp-block-file__button wp-element-button\" download>T\u00e9l\u00e9charger<\/a><\/div>\n\n\n\n<div class=\"wp-block-file\"><a href=\"https:\/\/jesusestalaporte.fr\/wp-content\/uploads\/2021\/06\/Lepreuve-du-feu-1.html\"><strong>L&rsquo;\u00e9preuve-du-feu-<\/strong><\/a><a href=\"https:\/\/jesusestalaporte.fr\/wp-content\/uploads\/2021\/06\/Lepreuve-du-feu-1.html\" class=\"wp-block-file__button wp-element-button\" download>T\u00e9l\u00e9charger<\/a><\/div>\n\n\n\n<div class=\"wp-block-file\"><a href=\"https:\/\/jesusestalaporte.fr\/wp-content\/uploads\/2021\/06\/les-richesses-injustes.html\"><strong>les-richesses-injustes<\/strong><\/a><a href=\"https:\/\/jesusestalaporte.fr\/wp-content\/uploads\/2021\/06\/les-richesses-injustes.html\" class=\"wp-block-file__button wp-element-button\" download>T\u00e9l\u00e9charger<\/a><\/div>\n\n\n\n<div class=\"wp-block-file\"><a href=\"https:\/\/jesusestalaporte.fr\/wp-content\/uploads\/2021\/06\/Prophete-Abdias.html\"><strong>Proph\u00e8te-Abdias<\/strong><\/a><a href=\"https:\/\/jesusestalaporte.fr\/wp-content\/uploads\/2021\/06\/Prophete-Abdias.html\" class=\"wp-block-file__button wp-element-button\" download>T\u00e9l\u00e9charger<\/a><\/div>\n\n\n\n<div class=\"wp-block-file\"><a href=\"https:\/\/jesusestalaporte.fr\/wp-content\/uploads\/2021\/06\/prophete-Jonas-1.html\"><strong>proph\u00e8te-Jonas<\/strong>&#8211;<\/a><a href=\"https:\/\/jesusestalaporte.fr\/wp-content\/uploads\/2021\/06\/prophete-Jonas-1.html\" class=\"wp-block-file__button wp-element-button\" download>T\u00e9l\u00e9charger<\/a><\/div>\n\n\n\n<div class=\"wp-block-file\"><a href=\"https:\/\/jesusestalaporte.fr\/wp-content\/uploads\/2021\/06\/prophete-Agee.html\"><strong>proph\u00e8te-Ag\u00e9e<\/strong><\/a><a href=\"https:\/\/jesusestalaporte.fr\/wp-content\/uploads\/2021\/06\/prophete-Agee.html\" class=\"wp-block-file__button wp-element-button\" download>T\u00e9l\u00e9charger<\/a><\/div>\n\n\n\n<div class=\"wp-block-file\"><a href=\"https:\/\/jesusestalaporte.fr\/wp-content\/uploads\/2021\/06\/lutte-spirituelle-1.html\">l<strong>utte-spirituelle<\/strong>-1<\/a><a href=\"https:\/\/jesusestalaporte.fr\/wp-content\/uploads\/2021\/06\/lutte-spirituelle-1.html\" class=\"wp-block-file__button wp-element-button\" download>T\u00e9l\u00e9charger<\/a><\/div>\n\n\n\n<div class=\"wp-block-file\"><a href=\"https:\/\/jesusestalaporte.fr\/wp-content\/uploads\/2021\/06\/la-lutte-spirituelle-2.html\"><strong>la-lutte-spirituelle-2<\/strong><\/a><a href=\"https:\/\/jesusestalaporte.fr\/wp-content\/uploads\/2021\/06\/la-lutte-spirituelle-2.html\" class=\"wp-block-file__button wp-element-button\" download>T\u00e9l\u00e9charger<\/a><\/div>\n\n\n\n<div class=\"wp-block-file\"><a href=\"https:\/\/jesusestalaporte.fr\/wp-content\/uploads\/2021\/06\/la-lutte-spirituelle-3.html\"><strong>la-lutte-spirituelle-3<\/strong><\/a><a href=\"https:\/\/jesusestalaporte.fr\/wp-content\/uploads\/2021\/06\/la-lutte-spirituelle-3.html\" class=\"wp-block-file__button wp-element-button\" download>T\u00e9l\u00e9charger<\/a><\/div>\n\n\n\n<div class=\"wp-block-file\"><a href=\"https:\/\/jesusestalaporte.fr\/wp-content\/uploads\/2021\/06\/le-riche-et-le-pauvre.html\"><strong>le-riche-et-le-pauvre<\/strong> <strong>Lazare<\/strong><\/a><a href=\"https:\/\/jesusestalaporte.fr\/wp-content\/uploads\/2021\/06\/le-riche-et-le-pauvre.html\" class=\"wp-block-file__button wp-element-button\" download>T\u00e9l\u00e9charger<\/a><\/div>\n\n\n\n<ul class=\"wp-block-list\">\n<li><\/li>\n<\/ul>\n\n\n<p><head><!-- Google tag (gtag.js) --><br \/>\n<script async src=\"https:\/\/www.googletagmanager.com\/gtag\/js?id=G-GNZ7CMNPZT\"><\/script><br \/>\n<script><br \/>\n  window.dataLayer = window.dataLayer || [];<br \/>\n  function gtag(){dataLayer.push(arguments);}<br \/>\n  gtag('js', new Date());<\/p>\n<p>  gtag('config', 'G-GNZ7CMNPZT');<br \/>\n<\/script><\/p>","protected":false},"excerpt":{"rendered":"<p>Je suis heureux de placer \u00e0 votre attention ce catalogue d\u2019\u00e9tudes bibliques tr\u00e8s diverses<\/p>\n","protected":false},"author":1,"featured_media":0,"parent":0,"menu_order":0,"comment_status":"closed","ping_status":"closed","template":"","meta":{"footnotes":""},"class_list":["post-2096","page","type-page","status-publish","hentry"],"yoast_head":"<!-- This site is optimized with the Yoast SEO plugin v22.0 - https:\/\/yoast.com\/wordpress\/plugins\/seo\/ -->\n<title>\u00c9tudes bibliques - J\u00e9sus est \u00e0 la porte<\/title>\n<meta name=\"robots\" content=\"index, follow, max-snippet:-1, max-image-preview:large, max-video-preview:-1\" \/>\n<link rel=\"canonical\" href=\"https:\/\/jesusestalaporte.fr\/index.php\/etudes-bibliques\/\" \/>\n<meta property=\"og:locale\" content=\"fr_FR\" \/>\n<meta property=\"og:type\" content=\"article\" \/>\n<meta property=\"og:title\" content=\"\u00c9tudes bibliques - J\u00e9sus est \u00e0 la porte\" \/>\n<meta property=\"og:description\" content=\"Je suis heureux de placer \u00e0 votre attention ce catalogue d\u2019\u00e9tudes bibliques tr\u00e8s diverses\" \/>\n<meta property=\"og:url\" content=\"https:\/\/jesusestalaporte.fr\/index.php\/etudes-bibliques\/\" \/>\n<meta property=\"og:site_name\" content=\"J\u00e9sus est \u00e0 la porte\" \/>\n<meta property=\"article:modified_time\" content=\"2024-06-02T13:48:31+00:00\" \/>\n<meta name=\"twitter:card\" content=\"summary_large_image\" \/>\n<meta name=\"twitter:label1\" content=\"Dur\u00e9e de lecture estim\u00e9e\" \/>\n\t<meta name=\"twitter:data1\" content=\"1 minute\" \/>\n<script type=\"application\/ld+json\" class=\"yoast-schema-graph\">{\"@context\":\"https:\/\/schema.org\",\"@graph\":[{\"@type\":\"WebPage\",\"@id\":\"https:\/\/jesusestalaporte.fr\/index.php\/etudes-bibliques\/\",\"url\":\"https:\/\/jesusestalaporte.fr\/index.php\/etudes-bibliques\/\",\"name\":\"\u00c9tudes bibliques - J\u00e9sus est \u00e0 la porte\",\"isPartOf\":{\"@id\":\"https:\/\/jesusestalaporte.fr\/#website\"},\"datePublished\":\"2021-05-28T07:57:45+00:00\",\"dateModified\":\"2024-06-02T13:48:31+00:00\",\"breadcrumb\":{\"@id\":\"https:\/\/jesusestalaporte.fr\/index.php\/etudes-bibliques\/#breadcrumb\"},\"inLanguage\":\"fr-FR\",\"potentialAction\":[{\"@type\":\"ReadAction\",\"target\":[\"https:\/\/jesusestalaporte.fr\/index.php\/etudes-bibliques\/\"]}]},{\"@type\":\"BreadcrumbList\",\"@id\":\"https:\/\/jesusestalaporte.fr\/index.php\/etudes-bibliques\/#breadcrumb\",\"itemListElement\":[{\"@type\":\"ListItem\",\"position\":1,\"name\":\"Accueil\",\"item\":\"https:\/\/jesusestalaporte.fr\/\"},{\"@type\":\"ListItem\",\"position\":2,\"name\":\"\u00c9tudes bibliques\"}]},{\"@type\":\"WebSite\",\"@id\":\"https:\/\/jesusestalaporte.fr\/#website\",\"url\":\"https:\/\/jesusestalaporte.fr\/\",\"name\":\"J\u00e9sus est \u00e0 la porte\",\"description\":\"Le chemin La v\u00e9rit\u00e9 La vie\",\"potentialAction\":[{\"@type\":\"SearchAction\",\"target\":{\"@type\":\"EntryPoint\",\"urlTemplate\":\"https:\/\/jesusestalaporte.fr\/?s={search_term_string}\"},\"query-input\":\"required name=search_term_string\"}],\"inLanguage\":\"fr-FR\"}]}<\/script>\n<!-- \/ Yoast SEO plugin. -->","yoast_head_json":{"title":"\u00c9tudes bibliques - J\u00e9sus est \u00e0 la porte","robots":{"index":"index","follow":"follow","max-snippet":"max-snippet:-1","max-image-preview":"max-image-preview:large","max-video-preview":"max-video-preview:-1"},"canonical":"https:\/\/jesusestalaporte.fr\/index.php\/etudes-bibliques\/","og_locale":"fr_FR","og_type":"article","og_title":"\u00c9tudes bibliques - J\u00e9sus est \u00e0 la porte","og_description":"Je suis heureux de placer \u00e0 votre attention ce catalogue d\u2019\u00e9tudes bibliques tr\u00e8s diverses","og_url":"https:\/\/jesusestalaporte.fr\/index.php\/etudes-bibliques\/","og_site_name":"J\u00e9sus est \u00e0 la porte","article_modified_time":"2024-06-02T13:48:31+00:00","twitter_card":"summary_large_image","twitter_misc":{"Dur\u00e9e de lecture estim\u00e9e":"1 minute"},"schema":{"@context":"https:\/\/schema.org","@graph":[{"@type":"WebPage","@id":"https:\/\/jesusestalaporte.fr\/index.php\/etudes-bibliques\/","url":"https:\/\/jesusestalaporte.fr\/index.php\/etudes-bibliques\/","name":"\u00c9tudes bibliques - J\u00e9sus est \u00e0 la porte","isPartOf":{"@id":"https:\/\/jesusestalaporte.fr\/#website"},"datePublished":"2021-05-28T07:57:45+00:00","dateModified":"2024-06-02T13:48:31+00:00","breadcrumb":{"@id":"https:\/\/jesusestalaporte.fr\/index.php\/etudes-bibliques\/#breadcrumb"},"inLanguage":"fr-FR","potentialAction":[{"@type":"ReadAction","target":["https:\/\/jesusestalaporte.fr\/index.php\/etudes-bibliques\/"]}]},{"@type":"BreadcrumbList","@id":"https:\/\/jesusestalaporte.fr\/index.php\/etudes-bibliques\/#breadcrumb","itemListElement":[{"@type":"ListItem","position":1,"name":"Accueil","item":"https:\/\/jesusestalaporte.fr\/"},{"@type":"ListItem","position":2,"name":"\u00c9tudes bibliques"}]},{"@type":"WebSite","@id":"https:\/\/jesusestalaporte.fr\/#website","url":"https:\/\/jesusestalaporte.fr\/","name":"J\u00e9sus est \u00e0 la porte","description":"Le chemin La v\u00e9rit\u00e9 La vie","potentialAction":[{"@type":"SearchAction","target":{"@type":"EntryPoint","urlTemplate":"https:\/\/jesusestalaporte.fr\/?s={search_term_string}"},"query-input":"required name=search_term_string"}],"inLanguage":"fr-FR"}]}},"_links":{"self":[{"href":"https:\/\/jesusestalaporte.fr\/index.php\/wp-json\/wp\/v2\/pages\/2096","targetHints":{"allow":["GET"]}}],"collection":[{"href":"https:\/\/jesusestalaporte.fr\/index.php\/wp-json\/wp\/v2\/pages"}],"about":[{"href":"https:\/\/jesusestalaporte.fr\/index.php\/wp-json\/wp\/v2\/types\/page"}],"author":[{"embeddable":true,"href":"https:\/\/jesusestalaporte.fr\/index.php\/wp-json\/wp\/v2\/users\/1"}],"replies":[{"embeddable":true,"href":"https:\/\/jesusestalaporte.fr\/index.php\/wp-json\/wp\/v2\/comments?post=2096"}],"version-history":[{"count":12,"href":"https:\/\/jesusestalaporte.fr\/index.php\/wp-json\/wp\/v2\/pages\/2096\/revisions"}],"predecessor-version":[{"id":5184,"href":"https:\/\/jesusestalaporte.fr\/index.php\/wp-json\/wp\/v2\/pages\/2096\/revisions\/5184"}],"wp:attachment":[{"href":"https:\/\/jesusestalaporte.fr\/index.php\/wp-json\/wp\/v2\/media?parent=2096"}],"curies":[{"name":"wp","href":"https:\/\/api.w.org\/{rel}","templated":true}]}}